{"id":3673,"date":"2021-07-12T19:52:07","date_gmt":"2021-07-12T19:52:07","guid":{"rendered":"http:\/\/coloniaavellaneda.gob.ar\/wordpress\/?page_id=3673"},"modified":"2021-07-12T19:52:07","modified_gmt":"2021-07-12T19:52:07","slug":"discapacidad","status":"publish","type":"page","link":"https:\/\/coloniaavellaneda.gob.ar\/web\/discapacidad\/","title":{"rendered":"Discapacidad"},"content":{"rendered":"<h1>DISCAPACIDAD<br \/>\n<\/h1>\n<h6><strong>Horario de atenci\u00f3n: de 08:00hs a 13:00hs<\/strong><br \/><strong>Celular: 3435086545<\/strong><br \/><strong>Email: discapacidad@coloniaavellaneda.gob.ar<\/strong><\/h6>\n<p><strong>Servicios que brinda el \u00e1rea:<\/strong><br \/>&#8211; Atenci\u00f3n personalizada para cualquier inquietud presentada por el vecino.<\/p>\n<p>&#8211; Asesoramiento y seguimiento en la obtenci\u00f3n del Certificado \u00danico de Discapacidad y\/o Pensiones No Contributivas.<\/p>\n<p>&#8211; Facilitaci\u00f3n de turnos y tr\u00e1mites con Anses, Incluir Salud, Instituto Becario.<\/p>\n<p>&#8211; Inclusi\u00f3n y\/o acompa\u00f1amiento de ni\u00f1os con discapacidad en Colonia de vacaciones y en actividades, disciplinas, deportes municipales.<\/p>\n<p>&#8211; Realizaci\u00f3n de eventos en fechas tem\u00e1ticas con el fin de concientizar y socializar acerca de diferentes discapacidades.<\/p>\n<p>&#8211; Constante trabajo en equipo con el Instituto Provincial de Discapacidad y con la Agencia Nacional de Discapacidad. Tambi\u00e9n con Desarrollo Social<br \/>provincial y nacional.<\/p>\n<p>&#8211; Traslado a personas con discapacidad a turnos m\u00e9dicos y\/o terapias.<\/p>\n<p>&#8211; Disposici\u00f3n de una combi adaptada para personas con discapacidad.<\/p>\n<p>&#8211; Intercambios con otras dependencias municipales de Entre R\u00edos y Argentina, con el prop\u00f3sito de enriquecer el \u00e1rea.<\/p>\n<p>&#8211; Preparaci\u00f3n y realizaci\u00f3n de capacitaciones destinadas, principalmente, al personal municipal y al p\u00fablico general.<\/p>\n<p>&#8211; Creaci\u00f3n de la Mesa de Di\u00e1logo, con personas con discapacidad, familiares y trabajadores afines.<\/p>\n<h4>\n\t\t\t\tContacto<br \/>\n\t\t\t<\/h4>\n<p>\t\t<!-- tg-module-title-wrap --><\/p>\n<h2>\u00a1Ponte en contacto con nosotros!<\/h2>\n<h3>Tel\u00e9fono<\/h3>\n<h3>Email<\/h3>\n<p>discapacidad@coloniaavellaneda.gob.ar<\/p>\n<h3>Direcci\u00f3n<\/h3>\n<h2>Envianos tu mensaje<\/h2>\n<p>\t\t[everest_form id=\u00bb4615&#8243;]<\/p>\n","protected":false},"excerpt":{"rendered":"<p>DISCAPACIDAD Horario de atenci\u00f3n: de 08:00hs a 13:00hsCelular: 3435086545Email: discapacidad@coloniaavellaneda.gob.ar Servicios que brinda el \u00e1rea:&#8211; Atenci\u00f3n personalizada para cualquier inquietud presentada por el vecino. &#8211; Asesoramiento y seguimiento en la obtenci\u00f3n del Certificado \u00danico de Discapacidad y\/o Pensiones No Contributivas. &#8211; Facilitaci\u00f3n de turnos y tr\u00e1mites con Anses, Incluir Salud, Instituto Becario. &#8211; Inclusi\u00f3n y\/o [&hellip;]<\/p>\n","protected":false},"author":1,"featured_media":0,"parent":0,"menu_order":0,"comment_status":"closed","ping_status":"closed","template":"","meta":{"_et_pb_use_builder":"","_et_pb_old_content":"","_et_gb_content_width":"","footnotes":""},"class_list":["post-3673","page","type-page","status-publish","hentry"],"_links":{"self":[{"href":"https:\/\/coloniaavellaneda.gob.ar\/web\/wp-json\/wp\/v2\/pages\/3673","targetHints":{"allow":["GET"]}}],"collection":[{"href":"https:\/\/coloniaavellaneda.gob.ar\/web\/wp-json\/wp\/v2\/pages"}],"about":[{"href":"https:\/\/coloniaavellaneda.gob.ar\/web\/wp-json\/wp\/v2\/types\/page"}],"author":[{"embeddable":true,"href":"https:\/\/coloniaavellaneda.gob.ar\/web\/wp-json\/wp\/v2\/users\/1"}],"replies":[{"embeddable":true,"href":"https:\/\/coloniaavellaneda.gob.ar\/web\/wp-json\/wp\/v2\/comments?post=3673"}],"version-history":[{"count":0,"href":"https:\/\/coloniaavellaneda.gob.ar\/web\/wp-json\/wp\/v2\/pages\/3673\/revisions"}],"wp:attachment":[{"href":"https:\/\/coloniaavellaneda.gob.ar\/web\/wp-json\/wp\/v2\/media?parent=3673"}],"curies":[{"name":"wp","href":"https:\/\/api.w.org\/{rel}","templated":true}]}}

<h1>DISCAPACIDAD<br />
</h1>
<h6><strong>Horario de atención: de 08:00hs a 13:00hs</strong><br /><strong>Celular: 3435086545</strong><br /><strong>Email: discapacidad@coloniaavellaneda.gob.ar</strong></h6>
<p><strong>Servicios que brinda el área:</strong><br />&#8211; Atención personalizada para cualquier inquietud presentada por el vecino.</p>
<p>&#8211; Asesoramiento y seguimiento en la obtención del Certificado Único de Discapacidad y/o Pensiones No Contributivas.</p>
<p>&#8211; Facilitación de turnos y trámites con Anses, Incluir Salud, Instituto Becario.</p>
<p>&#8211; Inclusión y/o acompañamiento de niños con discapacidad en Colonia de vacaciones y en actividades, disciplinas, deportes municipales.</p>
<p>&#8211; Realización de eventos en fechas temáticas con el fin de concientizar y socializar acerca de diferentes discapacidades.</p>
<p>&#8211; Constante trabajo en equipo con el Instituto Provincial de Discapacidad y con la Agencia Nacional de Discapacidad. También con Desarrollo Social<br />provincial y nacional.</p>
<p>&#8211; Traslado a personas con discapacidad a turnos médicos y/o terapias.</p>
<p>&#8211; Disposición de una combi adaptada para personas con discapacidad.</p>
<p>&#8211; Intercambios con otras dependencias municipales de Entre Ríos y Argentina, con el propósito de enriquecer el área.</p>
<p>&#8211; Preparación y realización de capacitaciones destinadas, principalmente, al personal municipal y al público general.</p>
<p>&#8211; Creación de la Mesa de Diálogo, con personas con discapacidad, familiares y trabajadores afines.</p>
<h4>
				Contacto<br />
			</h4>
<p>		<!-- tg-module-title-wrap --></p>
<h2>¡Ponte en contacto con nosotros!</h2>
<h3>Teléfono</h3>
<h3>Email</h3>
<p>discapacidad@coloniaavellaneda.gob.ar</p>
<h3>Dirección</h3>
<h2>Envianos tu mensaje</h2>
<p>		[everest_form id=»4615&#8243;]</p>

<p>DISCAPACIDAD Horario de atención: de 08:00hs a 13:00hsCelular: 3435086545Email: discapacidad@coloniaavellaneda.gob.ar Servicios que brinda el área:&#8211; Atención personalizada para cualquier inquietud presentada por el vecino. &#8211; Asesoramiento y seguimiento en la obtención del Certificado Único de Discapacidad y/o Pensiones No Contributivas. &#8211; Facilitación de turnos y trámites con Anses, Incluir Salud, Instituto Becario. &#8211; Inclusión y/o [&hellip;]</p>
