{"id":4967,"date":"2021-12-10T11:02:35","date_gmt":"2021-12-10T11:02:35","guid":{"rendered":"http:\/\/coloniaavellaneda.gob.ar\/wordpress\/?page_id=4967"},"modified":"2021-12-10T11:02:35","modified_gmt":"2021-12-10T11:02:35","slug":"habilitaciones-comerciales","status":"publish","type":"page","link":"https:\/\/coloniaavellaneda.gob.ar\/web\/habilitaciones-comerciales\/","title":{"rendered":"Habilitaciones Comerciales"},"content":{"rendered":"<h2>Habilitaciones Comerciales<\/h2>\n<p>\t\t\t<a href=\"http:\/\/coloniaavellaneda.gob.ar\/wordpress\/habilitaciones\/\" role=\"button\"><br \/>\n\t\t\t\t\t\tNueva Habilitaci\u00f3n<br \/>\n\t\t\t\t\t<\/a><br \/>\n\t\t\t<a href=\"http:\/\/coloniaavellaneda.gob.ar\/wordpress\/rehabilitaciones\/\" role=\"button\"><br \/>\n\t\t\t\t\t\tRehabilitaci\u00f3n<br \/>\n\t\t\t\t\t<\/a><br \/>\n\t\t\t<a href=\"http:\/\/coloniaavellaneda.gob.ar\/wordpress\/periodo-de-prueba\/\" role=\"button\"><br \/>\n\t\t\t\t\t\tPer\u00edodo de Prueba<br \/>\n\t\t\t\t\t<\/a><\/p>\n<h2>Obtenci\u00f3n Libreta Sanitaria<\/h2>\n<p>\t\t\t<a href=\"http:\/\/coloniaavellaneda.gob.ar\/wordpress\/Libreta%20Sanitaria\/\" role=\"button\"><br \/>\n\t\t\t\t\t\tLibreta Sanitaria<br \/>\n\t\t\t\t\t<\/a><\/p>\n<h2>Carnet Manipulador de Alimentos<\/h2>\n<h6>Obtenci\u00f3n Online del Carnet\u00a0<\/h6>\n<p style=\"text-align: left;\">Permite cumplimentar la Ley de C\u00f3digo Alimentario Argentino N\u00b0 18284\/69, la cual en su nuevo Art\u00edculo N\u00b021 establece que \u201ctoda persona que realice actividades por las cuales est\u00e9 o pudiera estar en contacto con alimentos o sus materias primas, en establecimientos donde se elaboren, fraccionen, almacenen, transporten, comercialicen y\/o enajenen, deber\u00e1n poseer un \u00abCarnet de Manipulador de Alimentos\u00bb\u201d<\/p>\n<p>POR CONSULTAS: Comunicarse v\u00eda mail: habilitacion@coloniaavellaneda.gob.ar<\/p>\n<p><strong>\u00bfCu\u00e1ndo debe realizarse? <\/strong><\/p>\n<p>\u2013 Capacitaci\u00f3n Online en Manipulaci\u00f3n Segura de Alimentos: A trav\u00e9s de la p\u00e1gina web del ICAB (Instituto de Control de Alimentaci\u00f3n y Bromatolog\u00eda) <\/p>\n<p>\u2013 Capacitaci\u00f3n Presencial en Manipulaci\u00f3n Segura de Alimentos: Consultar con el \u00c1rea de Habilitaciones. <\/p>\n<p><strong>Requisitos<\/strong><\/p>\n<p>Contar con DNI argentino.<\/p>\n<p> Leer previamente la documentaci\u00f3n adjunta al final de la P\u00e1gina<\/p>\n<p><strong>\u00bfQui\u00e9n puede realizarlo?<\/strong><\/p>\n<p>Toda persona que manipule alimentos.<\/p>\n<p><strong>Costos<\/strong><\/p>\n<p>El tr\u00e1mite es gratuito.<\/p>\n<p><strong>Vigencia<\/strong><\/p>\n<p>Una vez otorgado el Carnet de Manipulador, la vigencia es de 3 a\u00f1os.<\/p>\n<p><strong>Demora del tr\u00e1mite<\/strong><\/p>\n<p>El tr\u00e1mite online consta de dos etapas, la primera actividad se realiza al momento de la inscripci\u00f3n a la capacitaci\u00f3n y con los contenidos estudiados, la segunda es la etapa de evaluaci\u00f3n la cual consta de una reuni\u00f3n a trav\u00e9s de Zoom con el personal del ICAB que finaliza con la evaluaci\u00f3n en vivo, la fecha y hora se coordinar\u00e1 con el ICAB.<\/p>\n<p><strong> Entrega de carnet<\/strong><\/p>\n<p>Al finalizar el tr\u00e1mite, se remite\u00bbCARNET DE MANIPULADOR DE ALIMENTOS \u201d en formato PDF.<\/p>\n<p>\t\t\t<a href=\"http:\/\/coloniaavellaneda.gob.ar\/wordpress\/wp-content\/uploads\/2022\/06\/INSTRUCTIVO-PARA-LA-OBTENCION-DEL-CARNET-DE-MANERA-VIRTUAL-Colonia.pdf\" target=\"_blank\" role=\"button\" rel=\"noopener\"><br \/>\n\t\t\t\t\t\tInstructivo<br \/>\n\t\t\t\t\t<\/a><br \/>\n\t\t\t<a href=\"http:\/\/coloniaavellaneda.gob.ar\/wordpress\/wp-content\/uploads\/2022\/06\/CAPACITACION-EN-MANIPULACION-SEGURA-DE-ALIMENTOS-WEB.pdf\" role=\"button\"><br \/>\n\t\t\t\t\t\tCapacitaci\u00f3n<br \/>\n\t\t\t\t\t<\/a><\/p>\n","protected":false},"excerpt":{"rendered":"<p>Habilitaciones Comerciales Nueva Habilitaci\u00f3n Rehabilitaci\u00f3n Per\u00edodo de Prueba Obtenci\u00f3n Libreta Sanitaria Libreta Sanitaria Carnet Manipulador de Alimentos Obtenci\u00f3n Online del Carnet\u00a0 Permite cumplimentar la Ley de C\u00f3digo Alimentario Argentino N\u00b0 18284\/69, la cual en su nuevo Art\u00edculo N\u00b021 establece que \u201ctoda persona que realice actividades por las cuales est\u00e9 o pudiera estar en contacto con [&hellip;]<\/p>\n","protected":false},"author":1,"featured_media":0,"parent":0,"menu_order":0,"comment_status":"closed","ping_status":"closed","template":"","meta":{"_et_pb_use_builder":"","_et_pb_old_content":"","_et_gb_content_width":"","footnotes":""},"class_list":["post-4967","page","type-page","status-publish","hentry"],"_links":{"self":[{"href":"https:\/\/coloniaavellaneda.gob.ar\/web\/wp-json\/wp\/v2\/pages\/4967","targetHints":{"allow":["GET"]}}],"collection":[{"href":"https:\/\/coloniaavellaneda.gob.ar\/web\/wp-json\/wp\/v2\/pages"}],"about":[{"href":"https:\/\/coloniaavellaneda.gob.ar\/web\/wp-json\/wp\/v2\/types\/page"}],"author":[{"embeddable":true,"href":"https:\/\/coloniaavellaneda.gob.ar\/web\/wp-json\/wp\/v2\/users\/1"}],"replies":[{"embeddable":true,"href":"https:\/\/coloniaavellaneda.gob.ar\/web\/wp-json\/wp\/v2\/comments?post=4967"}],"version-history":[{"count":0,"href":"https:\/\/coloniaavellaneda.gob.ar\/web\/wp-json\/wp\/v2\/pages\/4967\/revisions"}],"wp:attachment":[{"href":"https:\/\/coloniaavellaneda.gob.ar\/web\/wp-json\/wp\/v2\/media?parent=4967"}],"curies":[{"name":"wp","href":"https:\/\/api.w.org\/{rel}","templated":true}]}}