{"id":5804,"date":"2023-11-29T15:05:34","date_gmt":"2023-11-29T15:05:34","guid":{"rendered":"https:\/\/coloniaavellaneda.gob.ar\/web\/?page_id=5804"},"modified":"2026-02-26T13:13:21","modified_gmt":"2026-02-26T13:13:21","slug":"5804-2","status":"publish","type":"page","link":"https:\/\/coloniaavellaneda.gob.ar\/web\/5804-2\/","title":{"rendered":"Contactos"},"content":{"rendered":"<p>[et_pb_section fb_built=\u00bb1&#8243; _builder_version=\u00bb4.22.2&#8243; _module_preset=\u00bbdefault\u00bb global_colors_info=\u00bb{}\u00bb][et_pb_row _builder_version=\u00bb4.22.2&#8243; _module_preset=\u00bbdefault\u00bb global_colors_info=\u00bb{}\u00bb][et_pb_column type=\u00bb4_4&#8243; _builder_version=\u00bb4.22.2&#8243; _module_preset=\u00bbdefault\u00bb global_colors_info=\u00bb{}\u00bb][et_pb_blurb title=\u00bbContactos Telef\u00f3nicos \u00bb use_icon=\u00bbon\u00bb _builder_version=\u00bb4.22.2&#8243; _module_preset=\u00bbdefault\u00bb header_level=\u00bbh1&#8243; header_font=\u00bb||||on||||\u00bb global_colors_info=\u00bb{}\u00bb]<\/p>\n<p style=\"text-align: center;\"><span style=\"text-decoration: underline;\">Administraci\u00f3n Principal<\/span><\/p>\n<p style=\"text-align: left;\">Calle Teniente Gim\u00e9nez 2679<\/p>\n<ul style=\"text-align: center;\">\n<li style=\"text-align: left;\"><span style=\"font-size: 14px;\">5280062<\/span><\/li>\n<li style=\"text-align: left;\">5280080<\/li>\n<\/ul>\n<p style=\"text-align: center;\"><span style=\"text-decoration: underline;\">Administraci\u00f3n Barranquero\u00a0<\/span><\/p>\n<p>Ruta 12, Esquina Col\u00f3n<span style=\"text-decoration: underline;\"><\/span><\/p>\n<ul style=\"text-align: center;\">\n<li style=\"text-align: left;\">4076744<\/li>\n<li style=\"text-align: left;\">4070133<\/li>\n<\/ul>\n<p style=\"text-align: center;\"><span style=\"text-decoration: underline;\">\u00c1rea Ni\u00f1ez:<\/span><\/p>\n<p>Calle Carlos Patat y Av. Montorfano\u00a0<span style=\"text-decoration: underline;\"><\/span><\/p>\n<ul style=\"text-align: center;\">\n<li style=\"text-align: left;\">4077655<\/li>\n<\/ul>\n<p style=\"text-align: center;\"><span style=\"text-decoration: underline;\">\u00c1rea Deporte<\/span><\/p>\n<p style=\"text-align: left;\">Prado Espa\u00f1ol<\/p>\n<ul>\n<li style=\"text-align: left;\">4074687<\/li>\n<\/ul>\n<p>[\/et_pb_blurb][\/et_pb_column][\/et_pb_row][et_pb_row _builder_version=\u00bb4.22.2&#8243; _module_preset=\u00bbdefault\u00bb global_colors_info=\u00bb{}\u00bb][et_pb_column type=\u00bb4_4&#8243; _builder_version=\u00bb4.22.2&#8243; _module_preset=\u00bbdefault\u00bb global_colors_info=\u00bb{}\u00bb][et_pb_blurb title=\u00bbCorreos Institucionales\u00bb use_icon=\u00bbon\u00bb _builder_version=\u00bb4.22.2&#8243; _module_preset=\u00bbdefault\u00bb header_level=\u00bbh1&#8243; header_font=\u00bb||||on||||\u00bb body_text_align=\u00bbcenter\u00bb body_text_color=\u00bb#000000&#8243; global_colors_info=\u00bb{}\u00bb]<\/p>\n<p style=\"text-align: left;\"><span style=\"text-decoration: underline;\"><span style=\"color: rgba(0, 0, 0, 0.81); text-decoration: underline;\">\u00c1rea Acci\u00f3n Social<\/span><\/span><\/p>\n<ul style=\"text-align: left;\">\n<li><span style=\"color: rgba(0, 0, 0, 0.81);\"><a href=\"mailto:accionsocial@coloniaavellaneda.gob.ar\" style=\"color: rgba(0, 0, 0, 0.81);\">accionsocial@coloniaavellaneda.gob.ar<\/a><\/span><span style=\"color: rgba(0, 0, 0, 0.81);\"><\/span><\/li>\n<\/ul>\n<p><span style=\"color: rgba(0, 0, 0, 0.81);\"><\/span><\/p>\n<p style=\"text-align: left;\"><span style=\"text-decoration: underline;\"><span style=\"color: rgba(0, 0, 0, 0.81); text-decoration: underline;\">\u00c1rea<\/span><span style=\"color: rgba(0, 0, 0, 0.81); text-decoration: underline;\">\u00a0Adultos Mayores<\/span><\/span><\/p>\n<ul style=\"text-align: left;\">\n<li><span style=\"color: rgba(0, 0, 0, 0.81);\"><a href=\"mailto:adultosmayores@coloniaavellaneda.gob.ar\" style=\"color: rgba(0, 0, 0, 0.81);\">adultosmayores@coloniaavellaneda.gob.ar<\/a><\/span><\/li>\n<\/ul>\n<p><span style=\"color: rgba(0, 0, 0, 0.81);\"><\/span><\/p>\n<p style=\"text-align: left;\"><span style=\"text-decoration: underline;\"><span style=\"color: rgba(0, 0, 0, 0.81); text-decoration: underline;\">\u00c1rea<\/span><span style=\"color: rgba(0, 0, 0, 0.81); text-decoration: underline;\">\u00a0Ambiente<\/span><\/span><\/p>\n<ul style=\"text-align: left;\">\n<li><span style=\"color: rgba(0, 0, 0, 0.81);\"><a href=\"mailto:ambiente@coloniiavellaneda.gob.ar\" style=\"color: rgba(0, 0, 0, 0.81);\">ambiente@coloniiavellaneda.gob.ar<\/a><\/span><\/li>\n<\/ul>\n<p><span style=\"color: rgba(0, 0, 0, 0.81);\"><\/span><\/p>\n<p style=\"text-align: left;\"><span style=\"text-decoration: underline;\"><span style=\"color: rgba(0, 0, 0, 0.81); text-decoration: underline;\">\u00c1rea<\/span><span style=\"color: rgba(0, 0, 0, 0.81); text-decoration: underline;\">\u00a0Ni\u00f1ez<\/span><\/span><\/p>\n<ul style=\"text-align: left;\">\n<li><span style=\"color: rgba(0, 0, 0, 0.81);\"><a href=\"mailto:anaf@coloniaavellaneda.gob.ar\" style=\"color: rgba(0, 0, 0, 0.81);\">anaf@coloniaavellaneda.gob.ar<\/a><\/span><\/li>\n<\/ul>\n<p><span style=\"color: rgba(0, 0, 0, 0.81);\"><\/span><\/p>\n<p style=\"text-align: left;\"><span style=\"text-decoration: underline;\"><span style=\"color: rgba(0, 0, 0, 0.81); text-decoration: underline;\">\u00c1rea<\/span><span style=\"color: rgba(0, 0, 0, 0.81); text-decoration: underline;\">\u00a0Catastro<\/span><\/span><\/p>\n<ul style=\"text-align: left;\">\n<li><span style=\"color: rgba(0, 0, 0, 0.81);\"><a href=\"mailto:catastro@coloniaavellaneda.gob.ar\" style=\"color: rgba(0, 0, 0, 0.81);\">catastro@coloniaavellaneda.gob.ar<\/a><\/span><\/li>\n<\/ul>\n<p><span style=\"color: rgba(0, 0, 0, 0.81);\"><\/span><\/p>\n<p style=\"text-align: left;\"><span style=\"text-decoration: underline;\"><span style=\"color: rgba(0, 0, 0, 0.81); text-decoration: underline;\">\u00c1rea<\/span><span style=\"color: rgba(0, 0, 0, 0.81); text-decoration: underline;\">\u00a0Habilitaciones<\/span><\/span><\/p>\n<ul style=\"text-align: left;\">\n<li><span style=\"color: rgba(0, 0, 0, 0.81);\"><a href=\"mailto:comhabilitaciones@coloniaavellaneda.gob.ar\" style=\"color: rgba(0, 0, 0, 0.81);\">habilitaciones@coloniaavellaneda.gob.ar<\/a><\/span><\/li>\n<\/ul>\n<p><span style=\"color: rgba(0, 0, 0, 0.81);\"><\/span><\/p>\n<p style=\"text-align: left;\"><span style=\"text-decoration: underline;\"><span style=\"color: rgba(0, 0, 0, 0.81); text-decoration: underline;\">\u00c1rea<\/span><span style=\"color: rgba(0, 0, 0, 0.81); text-decoration: underline;\">\u00a0Cultura<\/span><\/span><\/p>\n<ul style=\"text-align: left;\">\n<li><span style=\"color: rgba(0, 0, 0, 0.81);\"><a href=\"mailto:cultura@coloniaavellaneda.gob.ar\" style=\"color: rgba(0, 0, 0, 0.81);\">cultura@coloniaavellaneda.gob.ar<\/a><\/span><\/li>\n<\/ul>\n<p style=\"text-align: left;\"><span style=\"text-decoration: underline;\"><span style=\"color: rgba(0, 0, 0, 0.81); text-decoration: underline;\">\u00c1rea Deporte<\/span><\/span><\/p>\n<ul style=\"text-align: left;\">\n<li><span style=\"color: rgba(0, 0, 0, 0.81);\"><a href=\"mailto:deporte@coloniaavellaneda.gob.ar\" style=\"color: rgba(0, 0, 0, 0.81);\">deporte@coloniaavellaneda.gob.ar<\/a><\/span><\/li>\n<\/ul>\n<p><span style=\"color: rgba(0, 0, 0, 0.81);\"><\/span><\/p>\n<p style=\"text-align: left;\"><span style=\"text-decoration: underline;\"><span style=\"color: rgba(0, 0, 0, 0.81); text-decoration: underline;\">\u00c1rea<\/span><span style=\"color: rgba(0, 0, 0, 0.81); text-decoration: underline;\">\u00a0Discapacidad<\/span><\/span><\/p>\n<ul style=\"text-align: left;\">\n<li><span style=\"color: rgba(0, 0, 0, 0.81);\"><a href=\"mailto:discapacidad@coloniaavellaneda.gob.ar\" style=\"color: rgba(0, 0, 0, 0.81);\">discapacidad@coloniaavellaneda.gob.ar<\/a><\/span><\/li>\n<\/ul>\n<p><span style=\"color: rgba(0, 0, 0, 0.81);\"><\/span><\/p>\n<p style=\"text-align: left;\"><span style=\"text-decoration: underline;\"><span style=\"color: rgba(0, 0, 0, 0.86); text-decoration: underline;\">\u00c1rea\u00a0Inspecci\u00f3n General y Transito<\/span><\/span><\/p>\n<ul style=\"text-align: left;\">\n<li><span style=\"color: rgba(0, 0, 0, 0.81);\"><a href=\"mailto:inspecciongeneral@coloniaavellaneda.gob.ar\" style=\"color: rgba(0, 0, 0, 0.81);\">inspecciongeneral@coloniaavellaneda.gob.ar<\/a><\/span><\/li>\n<li><span style=\"color: rgba(0, 0, 0, 0.79);\"><a href=\"mailto:transito@coloniaavellaneda.gob.ar\" style=\"color: rgba(0, 0, 0, 0.79);\">transito@coloniaavellaneda.gob.ar<\/a><\/span><\/li>\n<\/ul>\n<p><span style=\"color: rgba(0, 0, 0, 0.79);\"><\/span><\/p>\n<p style=\"text-align: left;\"><span style=\"text-decoration: underline;\"><span style=\"text-align: center;\"><span style=\"color: rgba(0, 0, 0, 0.79); text-decoration: underline;\">\u00c1rea<\/span><\/span><span style=\"color: rgba(0, 0, 0, 0.79); text-decoration: underline;\">\u00a0Juzgado de Faltas<\/span><\/span><span style=\"color: rgba(0, 0, 0, 0.81);\"><\/span><\/p>\n<ul style=\"text-align: left;\">\n<li><span style=\"color: rgba(0, 0, 0, 0.81);\"><a href=\"mailto:juzgado@coloniaavellaneda.gob.ar\" style=\"color: rgba(0, 0, 0, 0.81);\">juzgado@coloniaavellaneda.gob.ar<\/a><\/span><\/li>\n<\/ul>\n<p><span style=\"color: rgba(0, 0, 0, 0.81);\"><\/span><\/p>\n<p style=\"text-align: left;\"><span style=\"text-decoration: underline;\">\u00c1rea Licencia de Conducir<\/span><\/p>\n<ul style=\"text-align: left;\">\n<li><span style=\"color: rgba(0, 0, 0, 0.81);\"><a href=\"mailto:licencias@coloniaavellaneda.gob.ar\" style=\"color: rgba(0, 0, 0, 0.81);\">licencias@coloniaavellaneda.gob.ar<\/a><br \/><\/span><\/li>\n<\/ul>\n<p><span style=\"color: rgba(0, 0, 0, 0.81);\"><\/span><\/p>\n<p style=\"text-align: left;\"><span style=\"text-decoration: underline;\"><span style=\"color: rgba(0, 0, 0, 0.81); text-decoration: underline;\">\u00c1rea Mujer, Diversidad y Genero<\/span><\/span><\/p>\n<ul style=\"text-align: left;\">\n<li><span style=\"color: rgba(0, 0, 0, 0.81);\"><a href=\"mailto:mujergeneroydiversidad@coloniaavellaneda.gob.ar\" style=\"color: rgba(0, 0, 0, 0.81);\">mujergeneroydiversidad@coloniaavellaneda.gob.ar<\/a><\/span><\/li>\n<\/ul>\n<p><span style=\"color: rgba(0, 0, 0, 0.81);\"><\/span><\/p>\n<p style=\"text-align: left;\"><span style=\"text-decoration: underline;\"><span style=\"color: rgba(0, 0, 0, 0.81); text-decoration: underline;\">\u00c1rea<\/span><span style=\"color: rgba(0, 0, 0, 0.81); text-decoration: underline;\">\u00a0Obras Publicas\u00a0<\/span><\/span><\/p>\n<ul style=\"text-align: left;\">\n<li><span style=\"color: rgba(0, 0, 0, 0.81);\"><a href=\"mailto:obraspublicas@coloniaavellaneda.gob.ar\" style=\"color: rgba(0, 0, 0, 0.81);\">obraspublicas@coloniaavellaneda.gob.ar<\/a><\/span><\/li>\n<\/ul>\n<p><span style=\"color: rgba(0, 0, 0, 0.81);\"><\/span><\/p>\n<p style=\"text-align: left;\"><span style=\"text-decoration: underline;\"><span style=\"color: rgba(0, 0, 0, 0.81); text-decoration: underline;\">\u00c1rea<\/span><span style=\"color: rgba(0, 0, 0, 0.81); text-decoration: underline;\">\u00a0Obras Privadas <\/span><\/span><\/p>\n<ul style=\"text-align: left;\">\n<li><span style=\"color: rgba(0, 0, 0, 0.88);\"><a href=\"mailto:obrasprivadas@coloniaavellaneda.gob.ar\" style=\"color: rgba(0, 0, 0, 0.88);\">obrasprivadas@coloniaavellaneda.gob.ar<\/a><\/span><\/li>\n<\/ul>\n<p><span style=\"color: rgba(0, 0, 0, 0.88);\"><\/span><\/p>\n<p style=\"text-align: left;\"><span style=\"text-decoration: underline;\">\u00c1rea Obras Sanitarias\u00a0<\/span><span style=\"color: rgba(0, 0, 0, 0.88);\"><\/span><\/p>\n<ul>\n<li style=\"text-align: left;\"><span style=\"color: rgba(0, 0, 0, 0.91);\"><a href=\"mailto:Obrassanitarias@coloniaavellaneda.gob.ar\" style=\"color: rgba(0, 0, 0, 0.91);\">Obrassanitarias@coloniaavellaneda.gob.ar<\/a><\/span><\/li>\n<\/ul>\n<p style=\"text-align: left;\"><span style=\"text-decoration: underline;\">\u00c1rea Rentas<\/span><\/p>\n<ul>\n<li style=\"text-align: left;\">rentas@coloniaavellaneda.gob.ar<\/li>\n<\/ul>\n<p>&nbsp;<\/p>\n<p>&nbsp;<\/p>\n<p>[\/et_pb_blurb][\/et_pb_column][\/et_pb_row][\/et_pb_section]<\/p>\n","protected":false},"excerpt":{"rendered":"<p>Administraci\u00f3n Principal Calle Teniente Gim\u00e9nez 2679 5280062 5280080 Administraci\u00f3n Barranquero\u00a0 Ruta 12, Esquina Col\u00f3n 4076744 4070133 \u00c1rea Ni\u00f1ez: Calle Carlos Patat y Av. Montorfano\u00a0 4077655 \u00c1rea Deporte Prado Espa\u00f1ol 4074687 \u00c1rea Acci\u00f3n Social accionsocial@coloniaavellaneda.gob.ar \u00c1rea\u00a0Adultos Mayores adultosmayores@coloniaavellaneda.gob.ar \u00c1rea\u00a0Ambiente ambiente@coloniiavellaneda.gob.ar \u00c1rea\u00a0Ni\u00f1ez anaf@coloniaavellaneda.gob.ar \u00c1rea\u00a0Catastro catastro@coloniaavellaneda.gob.ar \u00c1rea\u00a0Habilitaciones habilitaciones@coloniaavellaneda.gob.ar \u00c1rea\u00a0Cultura cultura@coloniaavellaneda.gob.ar \u00c1rea Deporte deporte@coloniaavellaneda.gob.ar \u00c1rea\u00a0Discapacidad discapacidad@coloniaavellaneda.gob.ar \u00c1rea\u00a0Inspecci\u00f3n General y [&hellip;]<\/p>\n","protected":false},"author":1,"featured_media":0,"parent":0,"menu_order":0,"comment_status":"closed","ping_status":"closed","template":"","meta":{"_et_pb_use_builder":"on","_et_pb_old_content":"","_et_gb_content_width":"","footnotes":""},"class_list":["post-5804","page","type-page","status-publish","hentry"],"_links":{"self":[{"href":"https:\/\/coloniaavellaneda.gob.ar\/web\/wp-json\/wp\/v2\/pages\/5804","targetHints":{"allow":["GET"]}}],"collection":[{"href":"https:\/\/coloniaavellaneda.gob.ar\/web\/wp-json\/wp\/v2\/pages"}],"about":[{"href":"https:\/\/coloniaavellaneda.gob.ar\/web\/wp-json\/wp\/v2\/types\/page"}],"author":[{"embeddable":true,"href":"https:\/\/coloniaavellaneda.gob.ar\/web\/wp-json\/wp\/v2\/users\/1"}],"replies":[{"embeddable":true,"href":"https:\/\/coloniaavellaneda.gob.ar\/web\/wp-json\/wp\/v2\/comments?post=5804"}],"version-history":[{"count":11,"href":"https:\/\/coloniaavellaneda.gob.ar\/web\/wp-json\/wp\/v2\/pages\/5804\/revisions"}],"predecessor-version":[{"id":6792,"href":"https:\/\/coloniaavellaneda.gob.ar\/web\/wp-json\/wp\/v2\/pages\/5804\/revisions\/6792"}],"wp:attachment":[{"href":"https:\/\/coloniaavellaneda.gob.ar\/web\/wp-json\/wp\/v2\/media?parent=5804"}],"curies":[{"name":"wp","href":"https:\/\/api.w.org\/{rel}","templated":true}]}}